 the hundreds digit of 42143?
1
What is the units digit of 1252?
2
What is the thousands digit of 91435?
1
What is the ten thousands digit of 21078?
2
What is the ten thousands digit of 71480?
7
What is the tens digit of 3622?
2
What is the units digit of 86?
6
What is the hundreds digit of 231?
2
What is the thousands digit of 1116?
1
What is the units digit of 602?
2
What is the hundreds digit of 972?
9
What is the thousands digit of 5519?
5
What is the thousands digit of 2918?
2
What is the tens digit of 4679?
7
What is the tens digit of 894?
9
What is the units digit of 14195?
5
What is the units digit of 3084?
4
What is the units digit of 2191?
1
What is the hundreds digit of 209?
2
What is the hundreds digit of 912?
9
What is the tens digit of 1010?
1
What is the thousands digit of 37116?
7
What is the tens digit of 1709?
0
What is the units digit of 845?
5
What is the ten thousands digit of 68433?
6
What is the tens digit of 1357?
5
What is the units digit of 246?
6
What is the thousands digit of 84806?
4
What is the tens digit of 1195?
9
What is the units digit of 25295?
5
What is the tens digit of 6943?
4
What is the tens digit of 354?
5
What is the hundreds digit of 1903?
9
What is the units digit of 338?
8
What is the hundreds digit of 154912?
9
What is the tens digit of 51293?
9
What is the tens digit of 1679?
7
What is the thousands digit of 15555?
5
What is the units digit of 43673?
3
What is the tens digit of 156?
5
What is the tens digit of 743?
4
What is the thousands digit of 2185?
2
What is the thousands digit of 1507?
1
What is the units digit of 1455?
5
What is the tens digit of 298?
9
What is the thousands digit of 14552?
4
What is the tens digit of 15248?
4
What is the thousands digit of 1431?
1
What is the units digit of 725?
5
What is the hundreds digit of 6353?
3
What is the thousands digit of 7920?
7
What is the units digit of 3991?
1
What is the hundreds digit of 7916?
9
What is the tens digit of 2849?
4
What is the hundreds digit of 1985?
9
What is the units digit of 12196?
6
What is the thousands digit of 7326?
7
What is the tens digit of 2282?
8
What is the tens digit of 29109?
0
What is the thousands digit of 2686?
2
What is the tens digit of 271?
7
What is the units digit of 43901?
1
What is the hundreds digit of 26938?
9
What is the thousands digit of 17134?
7
What is the units digit of 10673?
3
What is the ten thousands digit of 50989?
5
What is the hundreds digit of 63597?
5
What is the tens digit of 2874?
7
What is the hundreds digit of 9681?
6
What is the units digit of 130750?
0
What is the tens digit of 4691?
9
What is the hundreds digit of 63889?
8
What is the units digit of 23435?
5
What is the hundreds digit of 182?
1
What is the thousands digit of 2788?
2
What is the units digit of 819?
9
What is the thousands digit of 98390?
8
What is the units digit of 44662?
2
What is the ten thousands digit of 26243?
2
What is the thousands digit of 1860?
1
What is the thousands digit of 2111?
2
What is the tens digit of 146?
4
What is the units digit of 6371?
1
What is the thousands digit of 3480?
3
What is the hundreds digit of 34261?
2
What is the hundreds digit of 4528?
5
What is the hundreds digit of 1149?
1
What is the tens digit of 8963?
6
What is the units digit of 3856?
6
What is the hundreds digit of 21751?
7
What is the units digit of 36662?
2
What is the thousands digit of 7145?
7
What is the tens digit of 13369?
6
What is the units digit of 8007?
7
What is the hundreds digit of 7692?
6
What is the hundreds digit of 1722?
7
What is the units digit of 19199?
9
What is the units digit of 43895?
5
What is the hundreds digit of 177?
1
What is the thousands digit of 5138?
5
What is the units digit of 1145?
5
What is the tens digit of 4843?
4
What is the tens digit of 2835?
3
What is the tens digit of 103?
0
What is the units digit of 318?
8
What is the units digit of 2896?
6
What is the thousands digit of 6123?
6
What is the units digit of 6831?
1
What is the tens digit of 1001?
0
What is the thousands digit of 69510?
9
What is the tens digit of 39453?
5
What is the tens digit of 85510?
1
What is the hundreds digit of 5593?
5
What is the tens digit of 118?
1
What is the hundreds digit of 155716?
7
What is the units digit of 646?
6
What is the tens digit of 1320?
2
What is the units digit of 341?
1
What is the hundreds digit of 1018?
0
What is the tens digit of 55585?
8
What is the ten thousands digit of 61900?
6
What is the tens digit of 976?
7
What is the tens digit of 6901?
0
What is the tens digit of 2747?
4
What is the ten thousands digit of 43197?
4
What is the hundreds digit of 488?
4
What is the ten thousands digit of 13227?
1
What is the hundreds digit of 1835?
8
What is the hundreds digit of 10316?
3
What is the thousands digit of 24670?
4
What is the hundreds digit of 1446?
4
What is the units digit of 694?
4
What is the thousands digit of 50325?
0
What is the units digit of 280?
0
What is the hundreds digit of 1952?
9
What is the thousands digit of 9185?
9
What is the units digit of 5581?
1
What is the hundreds digit of 49359?
3
What is the hundreds digit of 1026?
0
What is the hundreds digit of 10558?
5
What is the units digit of 27513?
3
What is the tens digit of 68774?
7
What is the units digit of 11574?
4
What is the ten thousands digit of 14094?
1
What is the tens digit of 4965?
6
What is the tens digit of 10720?
2
What is the units digit of 20022?
2
What is the ten thousands digit of 125084?
2
What is the units digit of 5063?
3
What is the thousands digit of 1641?
1
What is the tens digit of 783?
8
What is the tens digit of 94640?
4
What is the hundreds digit of 6264?
2
What is the units digit of 8514?
4
What is the hundreds digit of 7190?
1
What is the hundreds digit of 1590?
5
What is the tens digit of 574?
7
What is the hundreds digit of 289?
2
What is the hundreds digit of 493?
4
What is the thousands digit of 21053?
1
What is the units digit of 139648?
8
What is the tens digit of 9638?
3
What is the units digit of 451?
1
What is the ten thousands digit of 12009?
1
What is the thousands digit of 3127?
3
What is the thousands digit of 10901?
0
What is the hundreds digit of 413?
4
What is the hundreds digit of 1087?
0
What is the tens digit of 4615?
1
What is the ten thousands digit of 159119?
5
What is the thousands digit of 53307?
3
What is the tens digit of 1249?
4
What is the tens digit of 185?
8
What is the hundreds digit of 3787?
7
What is the units digit of 3114?
4
What is the hundreds digit of 9449?
4
What is the thousands digit of 2909?
2
What is the units digit of 3973?
3
What is the units digit of 82886?
6
What is the thousands digit of 3022?
3
What is the units digit of 9125?
5
What is the hundreds digit of 5057?
0
What is the tens digit of 6385?
8
What is the tens digit of 83042?
4
What is the tens digit of 10551?
5
What is the thousands digit of 1998?
1
What is the units digit of 25419?
9
What is the units digit of 9531?
1
What is the ten thousands digit of 143358?
4
What is the units digit of 211?
1
What is the tens digit of 1223?
2
What is the ten thousands digit of 70804?
7
What is the units digit of 17502?
2
What is the thousands digit of 19380?
9
What is the units digit of 33733?
3
What is the units digit of 1880?
0
What is the units digit of 3931?
1
What is the tens digit of 872?
7
What is the hundreds digit of 643?
6
What is the thousands digit of 3435?
3
What is the hundreds digit of 3189?
1
What is the units digit of 22263?
3
What is the tens digit of 1832?
3
What is the hundred thousands digit of 190321?
1
What is the thousands digit of 12972?
2
What is the tens digit of 66?
6
What is the hundreds digit of 8045?
0
What is the units digit of 2325?
5
What is the tens digit of 295?
9
What is the hundreds digit of 125750?
7
What is the thousands digit of 79108?
9
What is the tens digit of 3919?
1
What is the tens digit of 73?
7
What is the ten thousands digit of 54435?
5
What is the tens digit of 168?
6
What is the ten thousands digit of 23822?
2
What is the hundreds digit of 2558?
5
What is the ten thousands digit of 10164?
1
What is the hundreds digit of 4010?
0
What is the hundreds digit of 800?
8
What is the ten thousands digit of 11846?
1
What is the units d